 prime factors of 121498.
2, 13, 4673
What are the prime factors of 1053?
3, 13
What are the prime factors of 203891?
53, 3847
List the prime factors of 390.
2, 3, 5, 13
List the prime factors of 11160.
2, 3, 5, 31
List the prime factors of 5486.
2, 13, 211
List the prime factors of 82454.
2, 41227
List the prime factors of 59552.
2, 1861
List the prime factors of 672.
2, 3, 7
What are the prime factors of 13310?
2, 5, 11
List the prime factors of 140083.
71, 1973
List the prime factors of 5462.
2, 2731
What are the prime factors of 6268?
2, 1567
List the prime factors of 2595.
3, 5, 173
What are the prime factors of 27242?
2, 53, 257
What are the prime factors of 946?
2, 11, 43
List the prime factors of 161864.
2, 20233
List the prime factors of 983.
983
List the prime factors of 24935.
5, 4987
What are the prime factors of 1397?
11, 127
List the prime factors of 1966.
2, 983
What are the prime factors of 1696?
2, 53
What are the prime factors of 8829?
3, 109
What are the prime factors of 5983?
31, 193
What are the prime factors of 47527?
47527
List the prime factors of 92874.
2, 3, 23, 673
What are the prime factors of 7081?
73, 97
List the prime factors of 2357.
2357
What are the prime factors of 13977?
3, 1553
What are the prime factors of 30008?
2, 11, 31
What are the prime factors of 110?
2, 5, 11
List the prime factors of 1626.
2, 3, 271
What are the prime factors of 21977?
21977
What are the prime factors of 347?
347
List the prime factors of 275.
5, 11
List the prime factors of 43078.
2, 7, 17, 181
What are the prime factors of 409?
409
List the prime factors of 47865.
3, 5, 3191
List the prime factors of 20153.
7, 2879
What are the prime factors of 2468?
2, 617
What are the prime factors of 91162?
2, 19, 2399
List the prime factors of 9176.
2, 31, 37
List the prime factors of 9232.
2, 577
List the prime factors of 55247.
101, 547
What are the prime factors of 4998?
2, 3, 7, 17
What are the prime factors of 101?
101
What are the prime factors of 16394?
2, 7, 1171
What are the prime factors of 5087?
5087
What are the prime factors of 2383?
2383
List the prime factors of 16076.
2, 4019
What are the prime factors of 3978?
2, 3, 13, 17
List the prime factors of 950.
2, 5, 19
What are the prime factors of 249?
3, 83
What are the prime factors of 106216?
2, 11, 17, 71
What are the prime factors of 21975?
3, 5, 293
List the prime factors of 122960.
2, 5, 29, 53
What are the prime factors of 26?
2, 13
What are the prime factors of 9410?
2, 5, 941
What are the prime factors of 1011?
3, 337
List the prime factors of 11747.
17, 691
What are the prime factors of 19148?
2, 4787
What are the prime factors of 2013?
3, 11, 61
List the prime factors of 6226.
2, 11, 283
List the prime factors of 13276.
2, 3319
What are the prime factors of 2011?
2011
What are the prime factors of 43177?
43177
List the prime factors of 1082.
2, 541
What are the prime factors of 2039?
2039
List the prime factors of 934.
2, 467
What are the prime factors of 3307?
3307
What are the prime factors of 26825?
5, 29, 37
What are the prime factors of 9815?
5, 13, 151
List the prime factors of 1505.
5, 7, 43
What are the prime factors of 2910?
2, 3, 5, 97
List the prime factors of 4715.
5, 23, 41
What are the prime factors of 103140?
2, 3, 5, 191
What are the prime factors of 150?
2, 3, 5
What are the prime factors of 832?
2, 13
List the prime factors of 302.
2, 151
List the prime factors of 15008.
2, 7, 67
List the prime factors of 5674.
2, 2837
What are the prime factors of 30774?
2, 3, 23, 223
What are the prime factors of 31150?
2, 5, 7, 89
List the prime factors of 1982.
2, 991
List the prime factors of 2158.
2, 13, 83
What are the prime factors of 163?
163
List the prime factors of 33925.
5, 23, 59
What are the prime factors of 41271?
3, 13757
List the prime factors of 1029.
3, 7
What are the prime factors of 16390?
2, 5, 11, 149
What are the prime factors of 11251?
11251
List the prime factors of 943.
23, 41
What are the prime factors of 1699?
1699
What are the prime factors of 83410?
2, 5, 19, 439
List the prime factors of 37853.
37853
What are the prime factors of 3097?
19, 163
What are the prime factors of 5023?
5023
List the prime factors of 3603.
3, 1201
List the prime factors of 867.
3, 17
List the prime factors of 32238.
2, 3, 199
List the prime factors of 11097.
3, 137
What are the prime factors of 7117?
11, 647
List the prime factors of 5734.
2, 47, 61
List the prime factors of 2862.
2, 3, 53
What are the prime factors of 1282?
2, 641
What are the prime factors of 1337?
7, 191
List the prime factors of 623.
7, 89
What are the prime factors of 567?
3, 7
What are the prime factors of 62379?
3, 29, 239
What are the prime factors of 4213?
11, 383
List the prime factors of 126410.
2, 5, 12641
What are the prime factors of 20834?
2, 11, 947
List the prime factors of 54119.
13, 23, 181
What are the prime factors of 611?
13, 47
List the prime factors of 41621.
41621
What are the prime factors of 125653?
11, 11423
What are the prime factors of 66884?
2, 23, 727
List the prime factors of 524.
2, 131
List the prime factors of 85190.
2, 5, 7, 1217
What are the prime factors of 193?
193
What are the prime factors of 330?
2, 3, 5, 11
List the prime factors of 196.
2, 7
List the prime factors of 3110.
2, 5, 311
What are the prime factors of 17738?
2, 7, 181
What are the prime factors of 28989?
3, 3221
List the prime factors of 7945.
5, 7, 227
List the prime factors of 63.
3, 7
What are the prime factors of 1564?
2, 17, 23
What are the prime factors of 2230?
2, 5, 223
List the prime factors of 51074.
2, 25537
What are the prime factors of 935?
5, 11, 17
What are the prime factors of 6741?
3, 7, 107
What are the prime factors of 141854?
2, 19, 3733
What are the prime factors of 1061?
1061
What are the prime factors of 1098?
2, 3, 61
List the prime factors of 22.
2, 11
List the prime factors of 1593.
3, 59
What are the prime factors of 34006?
2, 7, 347
What are the prime factors of 73065?
3, 5, 4871
List the prime factors of 3999.
3, 31, 43
What are the prime factors of 20111?
7, 13, 17
What are the prime factors of 2871?
3, 11, 29
What are the prime factors of 2378?
2, 29, 41
What are the prime factors of 2291?
29, 79
What are the prime factors of 76914?
2, 3, 4273
List the prime factors of 1045.
5, 11, 19
What are the prime factors of 1367?
1367
What are the prime factors of 3036?
2, 3, 11, 23
What are the prime factors of 228?
2, 3, 19
What are the prime factors of 2879?
2879
What are the prime factors of 46786?
2, 149, 157
List the prime factors of 4075.
5, 163
What are the prime factors of 1278?
2, 3, 71
List the prime factors of 19517.
29, 673
What are the prime factors of 32046?
2, 3, 7, 109
What are the prime factors of 751?
751
List the prime factors of 31281.
3, 10427
What are the prime factors of 1042?
2, 521
What are the prime factors of 3428?
2, 857
List the prime factors of 8129.
11, 739
What are the prime factors of 1568?
2, 7
List the prime factors of 39413.
11, 3583
What are the prime factors of 2249?
13, 173
What are the prime factors of 551?
19, 29
List the prime factors of 10369.
10369
What are the prime factors of 182?
2, 7, 13
List the prime factors of 387.
3, 43
What are the prime factors of 45305?
5, 13, 17, 41
What are the prime factors of 1550?
2, 5, 31
List the prime factors of 5296.
2, 331
List the prime factors of 26750.
2, 5, 107
List the prime factors of 2511.
3, 31
What are the prime factors of 42775?
5, 29, 59
List the prime factors of 1316.
2, 7, 47
List the prime factors of 32181.
3, 17, 631
What are the prime factors of 95572?
2, 23893
What are the prime factors of 2596?
2, 11, 59
What are the prime factors of 100085?
5, 37, 541
What are the prime factors of 2109?
3, 19, 37
What are the prime factors of 557?
557
List the prime factors of 77474.
2, 38737
What are the prime factors of 3338?
2, 1669
List the prime factors of 34912.
2, 1091
What are the prime factors of 4556?
2, 17, 67
List the prime factors of 8968.
2, 19, 59
List the prime factors of 13241.
13241
List the prime factors of 97199.
37, 71
What are the prime factors of 11869?
11, 13, 83
List the prime factors of 12653.
12653
List the prime factors of 333.
3, 37
What are the prime 